n z(1) is divided by 58.
51
Suppose -13*o = -2568 - 617. Suppose -4*b = b - o. Suppose 4*g + 66 = 4*d + 2*g, -2*d + 29 = -5*g. What is the remainder when b is divided by d?
15
Let w(b) = 46*b**3 - 2*b**2 + b. Suppose 4*q + 2 = 3*z, 3 = -q + 2*q + z. Let o(t) = t**2 + 5*t. What is the remainder when w(q) is divided by o(-8)?
21
Suppose 3*v - 18 = 3*g, -2*v = 10*g - 11*g - 6. Let k(s) = -s**3 - 6*s**2 - 4*s - 16. What is the remainder when 103 is divided by k(g)?
7
Let k(n) = n**2 + 12*n + 30. Let h be k(-10). Calculate the remainder when 29 is divided by h*6/25*10/3.
5
Let i(s) = -4 - 2*s + 4 + s**2 + 2 + 0*s**2. Suppose -l = -k + 8, 2*k - 21 = 3*l - 0*l. What is the remainder when i(3) is divided by k?
2
Calculate the remainder when 2728 is divided by (35/(-10) - -11)*4.
28
Let x(s) = -54*s**3 + 3*s**2 + s - 1. Let a = -140 + 139. Calculate the remainder when x(a) is divided by 29.
26
Let f(k) = -k**2 - 22*k - 2. Let o be f(-20). Suppose -5*u + 0*c + 135 = -5*c, 0 = 2*u + 2*c - o. Calculate the remainder when 89 is divided by u.
20
Suppose -4*h + 2*m = -8*h + 168, -2*h + 5*m + 60 = 0. What is the remainder when h is divided by 14?
12
Let l(c) = c**3 + 2*c**2 - 5*c + 3. Calculate the remainder when l(5) is divided by 53.
47
Suppose -86 = -2*l + 74. Calculate the remainder when l is divided by 41.
39
Suppose 2*h - 3695 = -2*m + m, 9239 = 5*h + m. Calculate the remainder when (4/10)/(h/(-1855) - -1) is divided by 36.
34
Suppose 23*c - 25*c + m = -3, -17 = -3*c - m. What is the remainder when 35 is divided by c?
3
Let f = 85 + -61. Suppose -g + f = -l, -l = -4*g + l + 104. What is the remainder when g is divided by 16?
12
Let k = -12 - -23. Suppose -2 = d - 4*f, d = -2*f - k - 21. Let o = 42 + d. What is the remainder when o is divided by 12?
8
Let p(x) = x**2 + 4*x + 6. Let b(f) = -f + 9. Let c be b(3). What is the remainder when p(c) is divided by 17 + 0 + -2 + 2?
15
Let k = 447 - 422. What is the remainder when 86 is divided by k?
11
Suppose -6*r - 11 = -17*r. Suppose -3*x + o + 70 = 0, -2*o = -7*o - 5. What is the remainder when x is divided by (5 - 3/r) + -4 + 15?
10
Calculate the remainder when ((-55)/33)/(0 - 3/36) is divided by 3.
2
Let m = -47 + 37. What is the remainder when ((-15)/(-3))/((-2)/m) is divided by 9?
7
Let o = -255 - -374. Suppose -2*k = -4*i + 3*k + o, 5*k = -i + 11. What is the remainder when 36/(-108) - (-308)/6 is divided by i?
25
What is the remainder when (-27119)/(-235) - ((-14)/(-10) + -2) is divided by 17?
14
Let s(k) = -k**2 + 9*k + 16. Let d be s(12). Let f = d - -40. Let c = f - -13. Calculate the remainder when c is divided by 18.
15
Let l(c) = c**2 + c + 25. Let d be l(0). Let h = 51 - 32. Calculate the remainder when h is divided by (-1)/(95/d + -4).
4
Let n = 610 - 560. What is the remainder when 189 is divided by n?
39
Let z be ((-6)/4)/(12/(-376)). Suppose 0 = -3*m + 13 + z. Calculate the remainder when m is divided by 7.
6
Let x(f) = 2*f**2 - 64*f + 300. What is the remainder when 219 is divided by x(28)?
67
Let j = 272 - 188. Let p = j - 59. Calculate the remainder when p is divided by (-4)/8*-14 - 2/(-1).
7
Let z = 74 + -358. Let d = z + 541. Calculate the remainder when d is divided by 37.
35
Let z = 31 + -29. Let t(d) = -d**2 - 6*d + 2. What is the remainder when 513/45 - z/5 is divided by t(-5)?
4
Suppose 32*z = 3*z + 2378. Calculate the remainder when z is divided by 5.
2
Let h(x) = 3*x**2 + 7*x - 7. Let w be h(-6). Let t = -16 + w. Calculate the remainder when -2 - (-1 + (-88 - -2)) is divided by t.
42
Let r(c) = -8*c + 162. What is the remainder when r(13) is divided by 8?
2
Let z = 14 - -68. Let v(r) = 4*r**2 - 12. Let k be v(-4). Let f = k + -31. What is the remainder when z is divided by f?
19
Let i = -19 - -28. What is the remainder when i is divided by 8?
1
Let b(n) = -4*n + 22. Let h(t) = -6*t**3 - 2*t**2 - 2*t - 1. What is the remainder when b(2) is divided by h(-1)?
4
Let u = 69 - 37. Let o(n) = -n**2 + 3*n + 18. What is the remainder when u is divided by o(0)?
14
Let s(a) be the second derivative of a**4/12 - 4*a**3/3 - 11*a**2/2 - 32*a. Calculate the remainder when 43 is divided by s(-3).
21
Suppose x + 9*j - 34 = 5*j, -4*j + 12 = 0. Calculate the remainder when 329 is divided by x.
21
Suppose -4*r = -5*r - 3*x + 7, 3*r + 3*x = 45. What is the remainder when r is divided by ((-14)/3)/((-2)/3)?
5
Suppose 600 = 4*y - 400. What is the remainder when (-1)/(-4 + 998/y) is divided by 16?
13
Let s = 99 + -81. Let d be (-1)/((5 - 2)/(-42)). Suppose -d = -2*o + 52. Calculate the remainder when o is divided by s.
15
Suppose -2*l + 62 = -w, 13*w - 12*w - 2 = 0. What is the remainder when 829 is divided by l?
29
Suppose 72*d - 68*d - 292 = 0. What is the remainder when 78 is divided by d?
5
Suppose 8*c - 8 - 64 = 0. Suppose -22 = -q + c. Calculate the remainder when q is divided by 11.
9
Let w = -37 - -135. Let b(f) = -30*f - 5. Suppose 5*c + k - 4 = 6*c, 5*c = -k - 2. Calculate the remainder when w is divided by b(c).
23
Let c(i) = i**2 + 1. Let r be c(1). Suppose r*f + 132 = -2*f. Calculate the remainder when 31 is divided by (-1 - -3)*f/(-6).
9
Let v = 855 + -477. Suppose -4*y + v + 98 = 0. Let j(p) = 4*p**2 + 112*p + 30. What is the remainder when y is divided by j(-28)?
29
Suppose -3*k - 64 = -2*r, -3*k + 33 = 3*r - 33. Suppose 5*g = 3*g + r. Suppose 3*d - 74 = -5. What is the remainder when d is divided by g?
10
Let l(k) = -2*k + 1. Let r be l(2). Calculate the remainder when 54/2*(-3)/r is divided by (-15)/((-1)/(-2 - -1) + -2).
12
Let p(y) = y**3 - 13*y**2 + y - 1. Let h(d) = -d**2 + 7*d + 13. Let q be h(7). Calculate the remainder when 59 is divided by p(q).
11
Suppose 0 = -4*d + 5*w - 5, -5*d + 9*w - 12*w = -40. Calculate the remainder when 6 is divided by d.
1
Let l(x) = -x + 13. Let g be l(10). Let p be (81/12)/(g/(-12)). Let s = p + 54. What is the remainder when 51 is divided by s?
24
Let l(j) = 6 + j + 2 + 3. Calculate the remainder when l(-5) is divided by 5.
1
Let h(r) = -r**3 + 20*r**2 - 26*r - 34. What is the remainder when h(18) is divided by 21?
20
Calculate the remainder when 39 is divided by (-21)/((11 - 2)*10/(-60)).
11
Suppose 0 = -i - 5*b - 0*b - 2, -4*b = -4*i + 16. Suppose 60 = 7*u - 3*u. Let o = -9 + u. Calculate the remainder when o is divided by i.
0
Let g = 4 + -4. Let z = g + -15. Let v = z + 26. Calculate the remainder when 21 is divided by v.
10
Let x = 58 + -56. Suppose -100 = -5*q + 5*s, -q - x*q + 5*s = -58. What is the remainder when q is divided by 6?
3
Let h(q) = 27*q + 3. Let w(y) = -y**3 - 8*y**2 - 6*y + 3. Let v be w(-7). Let g be h(v). Calculate the remainder when 4/(-6)*g/2 is divided by 18.
17
Suppose -55*z = -50*z - 165. Calculate the remainder when 196 is divided by z.
31
Suppose -104 = -20*m + 276. What is the remainder when 168 is divided by m?
16
Suppose -384 = -24*h - 8*h. What is the remainder when 1078 is divided by h?
10
Let d be (-1353)/(-9) + -3 + (-1)/3. Suppose -4*m + d = 3*w - 50, m = 2*w - 124. Calculate the remainder when w is divided by 13.
11
Calculate the remainder when 198 is divided by (-11 - -19)/(2*(-3)/(-15)).
18
Let g(v) = -7*v + 25. What is the remainder when g(-3) is divided by (-40)/(-10) + (-12)/(-2)?
6
Suppose 12 = -p + 4*p. Suppose z + 4 - 2 = -p*y, -3*y + 5 = 4*z. Let s = y + 24. What is the remainder when s is divided by 8?
7
Let t be 916/(-14) - -3*(-8)/(-56). Suppose 1 = a - 2, 0 = -4*d - 2*a - 86. Let z = d - t. Calculate the remainder when z is divided by 9.
6
Suppose 0 = -69*p + 1134 + 1488. What is the remainder when 92 is divided by p?
16
What is the remainder when 173 is divided by 19091/255 + (-4)/(-30)?
23
Let h(o) = -o**2 + 5*o - 6. Let q be h(4). Let y be 10/4 - q/4. Calculate the remainder when -3 + (0 - y) + 58 is divided by 18.
16
Suppose 60 = 7*j - 87. What is the remainder when 93 is divided by j?
9
Let g = -430 + 484. What is the remainder when g is divided by 28?
26
Suppose -99 = 11*f - 605. Calculate the remainder when 124 is divided by f.
32
Let x(c) = -2*c**3 + 9*c**2 + 4*c + 8. Let v be x(5). Let g = -37 - -57. What is the remainder when 196*v*(-5)/(-30) is divided by g?
18
Let x = -16 + 26. Suppose x = f - 5. Calculate the remainder when f is divided by ((-8)/21)/(300/(-3150)).
3
Let o(b) = -4